 Let o = w - 17. What is the greatest common factor of 11 and o?
1
Suppose -10*t = -8*t + 198. Suppose 5*d - 48 = 6*d. Let v = d - t. Calculate the greatest common divisor of 34 and v.
17
Let m = 681 - 375. Calculate the highest common divisor of m and 72.
18
Suppose 1980 = -9*i + 42*i. What is the greatest common factor of i and 220?
20
Suppose -7*z + 192 = -4*z. Let b = -16 + 30. Let t = b + -6. Calculate the greatest common divisor of z and t.
8
Let s = 94 + -24. Let g = s + -49. Let d = 959 - 917. What is the highest common factor of d and g?
21
Suppose -32 = -2*p - 2*x, 27*p - 3*x - 48 = 22*p. What is the highest common divisor of 172 and p?
4
Let z be ((-1112)/(-32))/((-2)/(-8)). Let v be z + (-6 + 4 - -7). Calculate the highest common factor of 36 and v.
36
Suppose -5*o + 128 = 4*n, -o = 7*o. What is the greatest common divisor of 104 and n?
8
Suppose 3*w - 840 = -9*w. Let v = -59 + w. Calculate the highest common factor of v and 11.
11
Suppose -6*t - 42 = -9*t - 3*f, 0 = -4*f - 4. Calculate the greatest common divisor of t and 145.
5
Let t(i) = 12*i**2 + 212*i - 31. Let b be t(-19). Suppose -3*p + 47 = 2*s, 0 = -4*p + 5*s + 20 + 12. What is the highest common divisor of p and b?
13
Let w(y) = -19*y - 4. Let i be w(-6). Suppose 647 = -191*h + 2557. Calculate the highest common factor of h and i.
10
Let c(d) = 3*d - 68. Let z be c(20). Let s(i) = 2*i**3 + 15*i**2 - 16*i - 8. Let v be s(z). Calculate the greatest common divisor of 14 and v.
14
Suppose 4*a = -15*a + 15618. What is the highest common divisor of a and 6?
6
Let t(b) = b**2 - 3*b - 38. Let a be t(8). Let x be (-68)/6*(165/a)/(-11). Calculate the greatest common factor of 17 and x.
17
Let l = 71 - -61. Calculate the greatest common divisor of 462 and l.
66
Let g(k) = -k**2 - 5*k + 22. Let l be g(-7). Suppose 3*t - 3*b - 24 = 0, 2*t = 4*t + 4*b + l. What is the highest common divisor of t and 10?
2
Suppose -8 = -c - 7*c. Let j be (11/(-2))/(4/(-8)). Calculate the greatest common factor of j and c.
1
Let c = 944 + -933. Calculate the greatest common factor of c and 451.
11
Let t(n) = n**3 + 2*n**2 - 4*n + 2. Let s be t(2). What is the greatest common factor of s and 45?
5
Suppose 2*l = 25 - 1. Let p = l - 8. Let i(d) = -d**2 + 2*d + 12. Let k be i(4). What is the highest common factor of p and k?
4
Suppose 12 = 5*x - 3*i, -i = x - 2*x + 2. Suppose -x*h - 390 = -9*h. Let t = 185 - h. What is the greatest common divisor of 48 and t?
24
Let d(y) = -2*y**3 + 129*y**2 + 70*y - 55. Let i be d(65). Calculate the greatest common divisor of i and 60.
30
Let i = 363 + -360. Calculate the greatest common divisor of i and 6.
3
Let f(t) = -t**2 - 8*t - 12. Let l be f(-4). Let d(y) = -y + 12. Let h be d(l). What is the greatest common divisor of h and 40?
8
Let v(h) = 1. Let j(f) = -47*f - 11. Let o(t) = j(t) + 3*v(t). Let d be o(-1). Calculate the highest common factor of d and 65.
13
Let m(d) = -d + 26. Let v be m(-6). Suppose 6 = -z + 38. What is the highest common factor of z and v?
32
Let y be 4559/517 - (-4)/22. What is the highest common divisor of y and 45?
9
Let h(i) = -i**2 + 10*i + 4. Let v be h(12). Suppose 22*b - 17*b = 10. Let r be 621*(b + v/12). What is the highest common factor of 23 and r?
23
Let m(f) = 2*f**2 - 18*f - 4. Let w be m(-3). What is the greatest common factor of 17 and w?
17
Let d(s) = s**2 - 6*s - 4. Let t be d(7). Suppose y - 2*c - 10 = 0, 0*c - c = t*y - 65. What is the highest common divisor of 80 and y?
20
Suppose -4*d - 5 = -3*d. Let j = 9 + d. Suppose -167 = j*p - 783. Calculate the greatest common divisor of p and 14.
14
Let z = -54 - -76. Let t = 34 - z. Suppose -20 = -a - 8. Calculate the highest common divisor of t and a.
12
Let q be 0*-1*(-1)/2. Suppose q*v - 24 = -v. Let i = 31 + 5. Calculate the greatest common divisor of i and v.
12
Let j = -4985 - -9602. Calculate the highest common divisor of 57 and j.
57
Let y be 3/(-3*(-1)/25). Suppose -y = -2*z + 19. Suppose -217 = -2*i - 41. Calculate the greatest common factor of i and z.
22
Let b be 1/(-2) + (-122)/(-4). Let f(u) = 12*u**3 + 3*u**2. Let w be f(-2). Let v be ((-24)/(-14))/((-12)/w). What is the highest common factor of v and b?
6
Let d(u) = -10*u**2 + 3*u + 1. Let v be d(3). Let p = -56 - v. Calculate the greatest common divisor of 24 and p.
24
Let c = -40 + 27. Let v be ((-2)/(-7))/(c/(-182)). Let w(q) = -q**2 + 6*q - 4. Let x be w(5). What is the highest common factor of v and x?
1
Let o(v) = -2*v**2 - 4. Let n be o(-2). Let d be (-16 - n)*1*-1. Suppose 4*p - d = 52. Calculate the greatest common divisor of 35 and p.
7
Suppose 8*q - 4027 = -219. Let n be (-2)/((-2)/15)*q/42. Calculate the highest common divisor of n and 17.
17
Let n(w) = 9*w - 5. Let l be n(4). Let o = 95 + 153. What is the greatest common divisor of o and l?
31
Suppose 2*n = -2*a + 80, a = 2*n + 34 + 3. What is the greatest common divisor of a and 299?
13
Suppose -3*q + 75 = 2*q. Suppose 3*d - 255 = -2*v, 41 = 4*v - 2*d - 429. What is the greatest common factor of v and q?
15
Suppose 65*d = 55*d + 260. Calculate the highest common factor of 1534 and d.
26
Suppose y + 0*y = 0. Suppose 3*g = -4*v + 71, 3*g = -3*v - y*v + 69. Suppose 0 = 4*a + a - 35. What is the highest common divisor of a and g?
7
Let j(x) = 13*x - 20. Let n be j(5). What is the greatest common factor of n and 27?
9
Let f(a) = -15*a - 79. Let h be f(-7). Let t be 10*1*(-2)/(-5). Suppose t*o - 17 - 35 = 0. What is the highest common divisor of o and h?
13
Let h be -1 - -21 - 2*1. Let x(k) = 6*k**2 + 4*k - 4. Let c be x(-5). Calculate the highest common factor of c and h.
18
Let b = -27 + 32. Suppose -b*c - 4*f = -108, 0 = -c + f - 16 + 43. Calculate the highest common factor of 6 and c.
6
Let g be -4*(-1 - 4/(-8)). Suppose -g*v = -0*v - 70. Let t be (3 - (-172)/(-60)) + (-624)/(-45). What is the greatest common factor of t and v?
7
Let s be (14/8 - 4/16)*4. Calculate the highest common factor of 6 and s.
6
Let r(l) = -30*l - 177. Let f be r(-8). What is the greatest common factor of 99 and f?
9
Suppose 0 = 5*g - 13 - 27. Calculate the highest common factor of g and 8.
8
Let w(u) be the third derivative of u**4/12 - 2*u**3/3 - u**2. Let a be w(2). Let x be a/((-8)/4) + 35. Calculate the highest common divisor of 14 and x.
7
Suppose x - n - 171 = 0, -6*n = -x - 2*n + 156. Let w = -152 + x. Let i be 6/(-1*(-6)/16). What is the greatest common factor of i and w?
8
Let w(v) = 2*v + 5. Let q be w(0). Suppose 3*p = -p - 16, -q*u + 5*p = -60. What is the greatest common divisor of u and 12?
4
Suppose 5 - 50 = -3*t. Suppose -4*m + t = -m. Suppose u - 12 = -m. What is the highest common factor of 7 and u?
7
Suppose -4*y = m - 67, 5*y - 2*y - 2*m - 42 = 0. Suppose -6*k + 348 = 5*i - 2*i, i = 5*k - 276. Calculate the highest common factor of y and k.
8
Let z(d) = 3*d**2. Let p be z(-2). Let f be (45864/27)/13 - 8/(-6). What is the greatest common factor of f and p?
12
Suppose -2*r + 5 = 1, -3*z + 51 = 3*r. Suppose 0 = 5*f + z, 88 - 353 = -2*o + 5*f. What is the greatest common divisor of 50 and o?
25
Suppose 31 + 5 = 4*b. Suppose -4*n + 3 = -b. What is the greatest common divisor of n and 1?
1
Suppose v + 33 + 1 = 0. Let h = 36 + v. Calculate the highest common divisor of h and 18.
2
Let j(z) be the second derivative of 59*z**4/12 - z**2/2 + 13*z. Let w be j(-1). Calculate the greatest common factor of 87 and w.
29
Let t(o) = -4*o + 10. Let n be t(-6). Suppose 4*u + n = -d, 0*u + 2*u = 3*d + 74. Let a be -20*(d/8)/1. Calculate the highest common divisor of 13 and a.
13
Let i = -567 + 575. Let o = 2 + 6. What is the highest common divisor of o and i?
8
Suppose 0 = -30*s + 28*s - 80. Let z be (224/s)/(4/(-10)). Calculate the greatest common factor of 35 and z.
7
Let j be ((-110)/(-15))/((-2)/6 - -1). Let w(v) = -v - 2. Let t be w(-4). Suppose t*x = 3*x - 88. Calculate the greatest common factor of x and j.
11
Suppose -9*b = -4*b - 15. Let w = b - 0. Let h = -326 + 329. What is the greatest common divisor of h and w?
3
Let c be ((-6)/2)/(-9 + 8). Suppose c*i = 4*w - 11, 6 = -4*i + 18. Suppose w*q - 513 = -108. Calculate the highest common divisor of 9 and q.
9
Let i(f) be the first derivative of 7/2*f**2 + 1/3*f**3 + 5 + 6*f. Let a be i(-12). What is the greatest com